lculate the remainder when h is divided by 6.
3
Let f(c) = -2*c + 20. Let p be f(9). Let y(u) = 8*u**2 + 7*u**3 + 6 - 5*u - 2*u**p - 8*u**3. Calculate the remainder when 71 is divided by y(4).
17
Suppose 4*y - 2*j + 4*j - 20 = 0, 0 = 2*y - 5*j + 2. Let h be 5 - (-7)/(14/y). Let n(t) = t**2 - 5*t + 7. What is the remainder when n(h) is divided by 6?
3
Suppose -49*l = -4*l - 315. Calculate the remainder when 256 is divided by l.
4
Let y = -19 - -25. Suppose -4*z - y = 2*g - 0*g, -4*z = -4*g + 48. What is the remainder when 11 is divided by g?
4
Let c be (-16)/(-10)*(-15)/(-6). Suppose 0 = -8*a - 107 + 179. What is the remainder when a is divided by ((-3)/2)/((-3)/c)?
1
Let s(i) = i**3 + 10. Let q be s(0). Let a = 13 + q. What is the remainder when a is divided by 6?
5
Let d = -3 - -14. Let b = d - 12. Calculate the remainder when 40 is divided by -1*7/b + 4.
7
Let l = 0 - -4. Suppose 4*i + 3*t = 8*t + 168, -5*i + 5*t = -210. Suppose -5*h = -4*y - 33, -2*y = 3*h + h - i. What is the remainder when h is divided by l?
1
Let p(y) = y**3 - 14*y**2 + 19*y - 60. Suppose 3*d = -0*d - 2*h + 263, 3*d = 4*h + 257. Calculate the remainder when d is divided by p(13).
15
Suppose 5*b = 10, s - 130 = -0*s + 4*b. Calculate the remainder when s is divided by 29.
22
Suppose 0 = -x - 4*d, -4*x - d = -12 - 3. Suppose 0 = -4*a + 3*a + 8. Suppose 16 + a = x*b. Calculate the remainder when 7 is divided by b.
1
Let l(c) = 2*c + 18. Let q(b) = 3*b + 18. Let f(u) = 5*l(u) - 4*q(u). Calculate the remainder when 33 is divided by f(0).
15
Suppose -4*x + 55 = -89. What is the remainder when 214 is divided by x?
34
Suppose -5*k + c = -c - 26, 4*c + 4 = 2*k. Suppose -4 = -6*p + 2. What is the remainder when 3 + (p + 23)/2 is divided by k?
3
Suppose 4 = 3*j + 3*f - 23, 4*j + 3*f - 31 = 0. Let s(v) = -v**2 + 15*v + 31. What is the remainder when s(15) is divided by j?
3
Suppose 0 = 5*z - 659 + 94. Suppose -2*t - 3*f = -34, 458*t + f = 454*t + 88. Calculate the remainder when z is divided by t.
21
Suppose 5*p + 30 = -4*r + 249, -4*p - 264 = -4*r. Calculate the remainder when r is divided by 13.
9
Let g(a) = -3*a - 3*a + a + 3*a. Let c be g(-3). Suppose -20 = -5*i, c*i = 3*u + 2*i - 164. Calculate the remainder when u is divided by 16.
12
Let o(t) = 2*t**2 + 15*t + 8. Calculate the remainder when o(-11) is divided by 23.
16
Suppose 351 = 2*m + 11*m. Let j = m + -25. What is the remainder when 5 is divided by j?
1
Let b(m) = -m**3 + 3*m**2 + 6*m - 6. Let c be b(4). Calculate the remainder when 185 is divided by (124/10)/1*5/c.
30
Let o = 0 + 32. Let l = 58 - o. Calculate the remainder when l is divided by 14.
12
Calculate the remainder when 130 is divided by ((-2)/(-3))/(74/3663).
31
Let c = 419 + -265. What is the remainder when c is divided by 39?
37
Let h = -17 + 64. Let m = -31 - h. Let c = 117 + m. What is the remainder when c is divided by 10?
9
What is the remainder when 1/(-5 + 48/10) + 45 is divided by 4?
0
Suppose d = -5*q + 140, 3*q + 3*d = -q + 123. Let x = q - 13. Suppose 3*c - 6*c = -75. Calculate the remainder when c is divided by x.
11
Let w(l) = l**3 + 20*l**2 + 15. Suppose -3*q - 120 = 5*j + q, -3*q + 25 = -2*j. Calculate the remainder when 42 is divided by w(j).
12
Let k(w) = -19*w - 56. Let n be k(-13). Let a = n + -123. Calculate the remainder when a is divided by 18.
14
Let h = 14 - 1. Let b = -10 + h. Let s(d) = -5*d. What is the remainder when s(-1) is divided by b?
2
Suppose 0 = 4*n, -10 = -10*j + 5*j - 3*n. Suppose 4*x - 43 = j*l - 5*l, -4*x + 13 = -3*l. What is the remainder when (-9)/(-4)*(-64)/(-6) is divided by x?
3
Suppose 38 = 2*h + 5*q, 4*h = -4*q + 28 + 72. Suppose 11 + h = 5*y. What is the remainder when y is divided by 3?
2
Suppose 36 = 4*v - 2*r, -2*v + 14 = 25*r - 27*r. What is the remainder when v is divided by 7?
4
Let g(z) = 2*z**2 - 7*z - 11. Calculate the remainder when 270 is divided by g(5).
2
Suppose -93 = -3*h + 3*y, -2*y + 127 = 5*h - 0*y. Let d = 11 - -20. Suppose -d*t = -h*t - 472. Calculate the remainder when t is divided by 24.
22
Let k(m) = m**2 - 18*m + 49. What is the remainder when 182 is divided by k(16)?
12
Let c = -65 + 32. Let m = -26 - c. What is the remainder when m is divided by 2?
1
Let x = 320 - 296. What is the remainder when x is divided by 8?
0
Let k(f) = -f**2 - 10*f + 23. What is the remainder when 43 is divided by k(0)?
20
Let x = 8 - 6. Let p(n) = -n**2 + 2*n - 5 + 3*n**x - 7*n. Calculate the remainder when p(-4) is divided by 25.
22
Let o(l) = -l**2 - 12*l + 13. Let c be (2 + 6)*-1 - 3. What is the remainder when 45 is divided by o(c)?
21
Let s(c) = -20 - 4*c - 8*c + 6*c. What is the remainder when 31 is divided by s(-6)?
15
Let z(d) = 4*d + 126. What is the remainder when 62 is divided by z(-23)?
28
Suppose b - 37 = -29. Suppose 0 = 3*q - 5 - 7. Suppose u + 5*j - 42 = 0, 0*u + q*u + 2*j - 150 = 0. Calculate the remainder when u is divided by b.
5
Let k(l) = -l**3 + 4*l**2 - 2*l + 5. Let z be k(4). Let q(u) = -13*u + 4. What is the remainder when q(z) is divided by -2 + (-1 - -4) - -21?
21
Let g = -76 + 79. Let a(n) = 4*n**2 + 3*n + 1. What is the remainder when a(-2) is divided by g?
2
Let q be (-5 + -2)/((-1)/(-8)). Calculate the remainder when -5*(q/10 - 3) is divided by 11.
10
What is the remainder when 241 is divided by (-651)/(-24) - (-3)/72*-3?
25
Let d = -26 + 31. Suppose -2*r + 7*r + 5*m = 55, 0 = -3*r + d*m + 73. What is the remainder when r is divided by 20/((-3)/(-3) + 1)?
6
Let b(i) = -i**2 - 21*i + 123. What is the remainder when b(-24) is divided by 3?
0
Let p be ((-15)/9)/(1/9). Let t = p - -61. Calculate the remainder when t is divided by 12.
10
Suppose 0 = -4*c - w - 15, 2*c - 5*w = c - 30. Calculate the remainder when (-24)/(-40) + (-142)/c is divided by 6.
5
Suppose 12*q - 5*u = 8*q + 272, 244 = 4*q + 2*u. What is the remainder when q is divided by 16?
15
Suppose 9*n + 42 = 2*y + 13*n, 3*y - n = 35. Calculate the remainder when y is divided by 12.
1
What is the remainder when 3/9 - ((-2335)/15 + -1) is divided by 16?
13
Suppose 5*k = -2*k + 161. What is the remainder when 204 is divided by k?
20
Suppose 5*b - 34 - 34 = -3*m, -4 = -4*m. What is the remainder when 22 is divided by b?
9
Let g be 4/5*40/8. Suppose 3*k - g*k = -2*x - 4, -3*x = -2*k + 6. Suppose k = -0*d - 3*d + 15. What is the remainder when 11 is divided by d?
1
Let d(l) = 3*l**2 - 28*l + 25. Let y be 18*3/18*4. What is the remainder when d(y) is divided by 31?
28
Let u(q) = 4*q + 18. Suppose h - 8*h + 42 = 0. What is the remainder when u(h) is divided by 9?
6
Let z = -52 + 54. Suppose -787 = -5*r + z*d, 2*d - 148 = 3*r - 617. Calculate the remainder when r is divided by 54.
51
Let k(u) = -6*u + 10. Suppose 0 = 5*h + 2*w - 30 - 55, h - 44 = 5*w. What is the remainder when k(-7) is divided by h?
14
Suppose 2954 = 53*h - 11674. What is the remainder when h is divided by 71?
63
Let t(a) = a + 10. Let l(m) = -2*m**2 - 8*m + 19 + 3*m**2 - 17 + 0*m**2. Calculate the remainder when t(9) is divided by l(9).
8
Let n = -242 - -264. Calculate the remainder when n is divided by 6.
4
Let l = 30 - 28. Suppose 4*k - l = 82. Calculate the remainder when 83 is divided by k.
20
Suppose 10*u - 14*u = -144. Let g = -31 + u. Calculate the remainder when 27 is divided by g.
2
Let z = -1 + 126. What is the remainder when z is divided by 16?
13
Suppose y = -20 + 4. Let n(p) = p**2 + 16*p + 6. What is the remainder when 18 is divided by n(y)?
0
Let f(v) = 3*v**2 + 12*v + 18. What is the remainder when f(-9) is divided by 26?
23
Suppose 0 = -0*m + 4*m - 144. Suppose -m = -3*q - 3*n, 2*q = 4*q - 5*n - 52. Calculate the remainder when 19 is divided by q.
3
Let q = -220 + 154. Suppose -2*d - d + 276 = 0. Let f = q + d. What is the remainder when 51 is divided by f?
25
Suppose 3*m + 9 = 0, 45 = -4*l + l + 3*m. Let h(x) = x**2 - 2*x - 5. What is the remainder when 4/8*l/(-3) is divided by h(4)?
0
Let q(t) = 3*t**2 + 29*t + 113. What is the remainder when q(-4) is divided by 6?
3
Suppose -3*o + 751 = 4*n + 42, 0 = 2*o - 5*n - 511. What is the remainder when o is divided by (-6 - -58) + (5 - 8)?
47
Let a = -164 - -158. Let m(c) = 10*c**2 + 2*c - 1. What is the remainder when (-3 - a/3)*51/(-3) is divided by m(1)?
6
Let y = -98 + 99. What is the remainder w